3*k**2 - 60. Determine s(3).
-5
Let i(d) = d + 10. Let y be i(0). Suppose -w - y = -3*u, 5*w = -4*u + 6*u - 11. Let p(x) = 4*x - 4*x - 1 + 0*x - x + 5*x**2. Calculate p(w).
5
Suppose -4*z + 3*z = -4*f - 32, -f + 5*z - 27 = 0. Let w(v) = -v - 10. Give w(f).
-3
Let b(c) = c**3 - 11*c**2 + 6*c - 23. Let j be b(11). Let h(m) = 2*m - 19 + j - 23. What is h(-4)?
-7
Let m(k) be the third derivative of -k**5/60 - 3*k**4/8 - 10*k**2 - 1. What is m(-8)?
8
Let a be 8/10 + (0 - 32/40). Let t(i) = i**3 + i + 5. Calculate t(a).
5
Let k(u) = -7*u**2 + 10*u - 6. Let b = -20 - -15. Let q(g) = -11*g**2 + 15*g - 9. Let d(f) = b*q(f) + 8*k(f). Give d(5).
-3
Let s be 4/(-9) + (938/126 - -4). Let o(v) be the first derivative of 3 - s*v - 1/3*v**3 - 1/2*v**2. Give o(0).
-11
Let b be 22/(-5) + (-4)/(-10). Let l(p) be the first derivative of -p**3/3 - 5*p**2/2 - 2*p - 660. Determine l(b).
2
Let b(f) = 14*f**3 - 2*f**2 + 1. Let i = -21 + 24. Suppose 2*p - 25 = -0*p + i*u, -3*u - 10 = p. Suppose -p*z + 4 = -1. What is b(z)?
13
Let m(a) = -2*a**3 + 5*a**2 - 4*a + 3. Let d = 216 + -213. Determine m(d).
-18
Let b(v) be the first derivative of -v**3/3 + 2*v**2 + 3*v + 1. Suppose j = 6, 1213 = h - 3*j + 1227. What is b(h)?
3
Let k(g) = -12*g + 23346 - 23350 + 2*g. What is k(-3)?
26
Let f(z) = 3*z**2 - 33*z + 5. Suppose -4*p = 2*x - 46, -61 + 25 = -3*p - 3*x. Determine f(p).
5
Let u(t) = 16*t**2 + 29*t**2 - 9*t**2. What is u(1)?
36
Let i(d) be the first derivative of d**3/3 + 7*d**2/2 + d + 2. Let m(y) = 3*y + 11. Let o be m(-6). Calculate i(o).
1
Let m(w) = -2*w**3 - 2*w**2 + 2*w. Let x be m(-2). Suppose 4 = 2*k - x. Let u(y) = y**3 + 4 - 5*y + 6*y - 5*y**2 - 1 + k*y. Give u(4).
7
Let x = 14 - 11. Let a(d) = 7 - 3 - 6 - d + x. Determine a(1).
0
Let w be -1*0/(9/(-5 + 2)). Let m(d) = d**2 + d - 10. What is m(w)?
-10
Let v(f) be the first derivative of 1/2*f**2 - 11*f + 1/4*f**4 - 9 + 1/3*f**3. Give v(0).
-11
Let f(h) = -h**3 + 4*h**2 - 2*h - 1. Let l be f(3). Let k(u) = -21 - 3*u + 12 + 6 + 5. Determine k(l).
-4
Suppose -25*y + 1 = -26*y. Let f(l) = 43*l**2 - l - 2. Give f(y).
42
Let p(j) = 2 - 14 - 9*j + j + 7*j. Determine p(13).
-25
Let g(r) = 13*r - 7. Suppose -3*p + 62*s = 58*s + 3, -21 = -2*p - 5*s. Give g(p).
32
Let c be (4/3)/(-5 - (-51)/9). Let p(f) be the second derivative of -1/3*f**3 + 3*f + c*f**2 + 0. Calculate p(5).
-6
Let s(z) = -3*z**3 - z**2 - 5. Let b(w) = -13*w**3 - 3*w**2 + w - 21. Let k(c) = -2*b(c) + 9*s(c). Calculate k(-3).
3
Let z(x) = x**3 + 8*x**2 + 7*x - 1. Let y(a) = a**3 + 7*a**2 - 7. Suppose l = 4*l - 5*w + 1, l - 1 = 2*w. Let d be y(l). Give z(d).
-1
Let c(i) = -3*i + 5. Let z be c(-5). Suppose 8*m - z = 3*m. Let d be 2*((-6)/m - 1). Let h(j) = j**3 + 4*j**2 - 7*j - 6. Determine h(d).
4
Let w(z) = z**2 + z - 4. Let c(k) = -17*k - 23. Let v(b) = c(b) - w(b). Give v(-17).
-2
Let m(q) be the first derivative of 2*q**2 + 3*q + 127. Determine m(-3).
-9
Let j be 0 + 0 + 0 + -2. Let h(b) be the second derivative of 1/6*b**4 - 8*b - 1/2*b**3 + 0 - 3/2*b**2. Give h(j).
11
Let y(p) = -4*p + 4*p + 2*p + 8 - p. Let z be y(-4). Let s(t) = 3 - 2 + z*t - 4. Give s(2).
5
Let i(g) = -16*g - 23*g + 36*g - 8. Let o(j) = j**3 - 11*j**2 - 12*j - 6. Let u be o(12). Give i(u).
10
Let g(x) be the first derivative of -x**4/2 - x**3/3 + x**2 + x - 563. What is g(-2)?
9
Let x be (20/6)/((-8)/24). Let p(s) = 2*s + 14. Let l be p(x). Let b(o) = o + 6. What is b(l)?
0
Let w be (-2 - (-1 + -13))*-1. Let b(q) = 2*q + 11. Determine b(w).
-13
Suppose -3*m + 22 = 5*q, 9*q + 2*m = 13*q - 22. Suppose -25 = -3*t - 0*t + 2*k, -q*t = -3*k - 41. Let s(p) = 2*p**2 - 7*p - 6 - 1 - p**2. What is s(t)?
-7
Let j be 11*4 - (-8 - (-1 - 9)). Suppose 37*y + 15 = j*y. Let h(n) = -n**3 + 4*n**2 + 4*n. Give h(y).
21
Suppose 2 + 3 = j. Suppose j*q - 56 + 96 = 0. Let c(w) = -w - 1. Determine c(q).
7
Let h(k) = -8*k**2 - 21 + 28 - 5*k + 2*k**2 + 4*k + 0*k**3 - k**3. Determine h(-6).
13
Let h(a) = a**3 - 11*a**2 - a. Let r be 4 + (7 - 0) - 0. What is h(r)?
-11
Let a(f) = 5*f**2 + 7*f - 6. Let w(l) = -13*l**2 - 21*l + 17. Let m(v) = -8*a(v) - 3*w(v). What is m(7)?
-3
Let r(w) be the second derivative of 3/2*w**3 + 3*w**2 + 0 - 1/12*w**4 - 28*w. Determine r(9).
6
Let z(d) = 2*d**3. Let r(n) = -13*n**3 - 7*n**2 - 6*n + 2. Let c(b) = -r(b) - 6*z(b). Let k = -12 + 6. Calculate c(k).
-2
Let j(q) be the third derivative of 1/12*q**4 - 1/120*q**6 - 1/15*q**5 + 0*q + 1/2*q**3 + 0 + 3*q**2. What is j(-3)?
-12
Let f(c) = 1 + 600*c - 1 - 605*c. Give f(1).
-5
Suppose 6*i - 1000 = -1072. Let h(o) = -o - 15. Determine h(i).
-3
Let s be -6*5*((-30)/25)/3. Let g be (-1)/(-2)*-2*-3. Suppose -3*w - s = g. Let k(p) = p**2 + 4*p - 6. Calculate k(w).
-1
Let h(k) = -k**2 + 7*k - 2. Let z = 17 - 15. Suppose -4*l + a + 99 = 0, z*l - 5*a = -2*a + 47. Suppose 0 = 5*i - 0 - l. Give h(i).
8
Let i(z) = 77*z + 10. Let r(p) = 152*p + 24. Let u(h) = 5*i(h) - 2*r(h). Give u(-1).
-79
Suppose -5*h = -3*n - 27, -h = -5*n - 8 - 15. Suppose h = m - 5. Let v(q) = -q**3 + 8*q**2 + q - 9. Calculate v(m).
-1
Let z(j) = -4*j**3 + j**2 - j. Let u(l) = l - 26. Let k be u(10). Let b be ((-2)/(-4))/(1/(-24)). Let h be (4/(k/b))/3. Determine z(h).
-4
Let x(c) = -4*c**3 + 38*c**2 - 12*c + 21. Let d(w) = w**3 - 12*w**2 + 4*w - 7. Let i(g) = 7*d(g) + 2*x(g). Calculate i(-9).
38
Let q(j) be the second derivative of j**3/6 + 6*j**2 + 23*j + 4. Determine q(-4).
8
Let m(l) = 2*l**3 - 7*l**2 + 18*l - 27. Let c(j) = -j**3 + 4*j**2 - 9*j + 13. Let g(p) = 9*c(p) + 4*m(p). Let a = 18 + -11. Calculate g(a).
-5
Let l(d) be the first derivative of -d**4 - 2*d + 4 + 4*d - d - 1. Suppose -2*h = -2*k + 8, 24 + 1 = -5*k - 4*h. Calculate l(k).
5
Suppose -3*b + 11*m - 14*m + 33 = 0, -5*m + 25 = 0. Let k(s) = 5*s - 25. Determine k(b).
5
Suppose 4*v = 8*v + 4*g - 8, -4*v - 4 = -2*g. Let j(a) = -a**3 + a - 4. Give j(v).
-4
Let q(p) = -20 + 5 - 5*p + 10. Let h(n) = -6*n - 5. Let f(z) = 2*h(z) - 3*q(z). What is f(5)?
20
Suppose -4*u + u = -18. Let r(i) = u - 7 - 2*i + 5*i. Let w = -11 - -15. What is r(w)?
11
Suppose -13*s = -30*s - 17. Let n(h) = -28*h**2 + h. Determine n(s).
-29
Let n(b) = -1 - 1 + b + 3. Suppose 16*x + x = -68. Let i = x - -4. Calculate n(i).
1
Let q(a) = -a + 4. Suppose 2*w - 7*w = -10. Let k(l) = -2*l + 5. Let t(m) = w*k(m) - 3*q(m). Let n = 1 - 4. What is t(n)?
1
Let i(p) = -354*p + 25 + 354*p - p**3 + p**2. Determine i(0).
25
Let d(j) = j**3 + 5*j**2 + 3*j + 6. Let x be d(-5). Let v(m) = -4*m + 4 - 23*m + 12*m - 1 + 16*m. Calculate v(x).
-6
Let t = -263 + 256. Let a(g) = g**3 + 6*g**2 - 8*g - 5. Calculate a(t).
2
Let n(p) be the first derivative of 6 + 10/3*p**3 + p + p**2. Determine n(-1).
9
Let d be 31/6 - ((-57)/(-18) + -3). Let r(c) be the second derivative of -3*c**2 + 0 + 2*c + 0*c**4 + 0*c**3 - 1/20*c**d. What is r(0)?
-6
Let o = -6 + 0. Let d(a) be the second derivative of a**4/12 + 5*a**3/6 + a**2/2 + 189*a - 2. Give d(o).
7
Suppose 56 = 4*z + 10*z. Suppose 0 = z*q - 8, -3*q + 1 = -o - 3. Let f(n) = -5*n + 1. Determine f(o).
-9
Let y(q) = 10*q - 17. Let b(j) = -20*j + 36. Let p(n) = -6*b(n) - 13*y(n). Calculate p(3).
-25
Suppose 3*m = -5*w - 35, -3*m - 30 = -3*w - 3. Suppose 4*x = 8*t - 3*t + 35, -42 = 2*t + 4*x. Let s = m - t. Let v(a) = 6*a**2 - 1. Determine v(s).
5
Let k(v) = 2*v**2 - 27*v + 10. Let j(i) = i**2 - 13*i + 5. Let r(o) = -5*j(o) + 2*k(o). Suppose 7*a - 33 = 23. What is r(a)?
19
Let m(c) be the third derivative of c**5/30 - c**4/24 - c**3/6 - 116*c**2. What is m(3)?
14
Let c(r) = r**2 - 13*r - 22. Let f(z) = -2*z + 25. Let h be f(5). What is c(h)?
8
Let k(z) = 7*z. Let d be (-48 - -54) + 1*-5. Calculate k(d).
7
Let d be (0 - (1 - 0))/(-1). Let n(f) = f**3 - 4*f**2 + f + 1. What is n(d)?
-1
Let k(z) = -z**3 + 2*z**2 + 3*z + 2. Let y be k(3). Let h(r) = -140*r + 2*r**y + 140*r + 1. Give h(-1).
3
Let n(l) = -2*l + 2. Let w(h) = -20*h + 21*h - 3 + 5 + 0. Let a be w(2). Determine n(a).
-6
Let y(t) be the first derivative of -9*t**2/2 + t + 140. Determine y(-1).
10
Let w(f) = -21*f + 1. Let a be w(-2). Let r = a + -50. Let k(p) = -p**3 - 8*p**2 - 8*p + 3. Calculate k(r).
10
Let h(i) = i. Let r(x) = -x**3 - 5*x**2 - 5*x - 2. Let u(z) = -4*h(z) - r(z). What is u(-4)?
14
Let q(d) = d**3 - 10*d**2 + d + 3. Let b(f) = -3*f**3 + 29*f**